{"id":7,"date":"2019-02-02T08:40:27","date_gmt":"2019-02-02T08:40:27","guid":{"rendered":"http:\/\/komplast.pl\/?page_id=7"},"modified":"2019-12-13T14:36:53","modified_gmt":"2019-12-13T13:36:53","slug":"polityka-prywatnosci","status":"publish","type":"page","link":"https:\/\/komplast.pl\/index.php\/polityka-prywatnosci\/","title":{"rendered":"Polityka prywatno\u015bci"},"content":{"rendered":"<p style=\"padding: 2em 0\">Pragniemy Pa\u0144stwa zapewni\u0107, \u017ce dok\u0142adamy wszelkich stara\u0144, aby Pa\u0144stwa dane osobowe, kt\u00f3re znajduj\u0105 si\u0119 w naszej bazie danych, by\u0142y odpowiednio chronione &#8211; zgodnie z obowi\u0105zuj\u0105cym od dnia 25 maja 2018r. Rozporz\u0105dzeniem Parlamentu Europejskiego i Rady (UE) 2016\/679 z dnia 27 kwietnia 2016r. w sprawie ochrony os\u00f3b fizycznych w zwi\u0105zku z przetwarzaniem danych osobowych i w sprawie swobodnego przep\u0142ywu takich danych oraz uchylenia dyrektywy 95\/16\/WE &#8211; znane powszechnie pod nazw\u0105 Rozporz\u0105dzenie odn. Ochrony Danych Osobowych (RODO).<\/p>\r\n\r\n<strong>Klauzula informacyjna<\/strong><br><br>Zgodnie z art. 13 ust. 1 RODO, informujemy, \u017ce:<\/p>\r\n\r\n<p>1) Administratorem Pani\/Pana danych osobowych jest Jaros\u0142aw Ficner, b\u0119d\u0105cy w\u0142a\u015bcicielem firmy Przetw\u00f3rstwo Tworzyw Sztucznych KOMPLAST z siedzib\u0105 w Sza\u0142e k. Opat\u00f3wka, 62-860, ul. Kaliska 9.<\/p>\r\n<hr>\r\n<p>2) W razie jakichkolwiek w\u0105tpliwo\u015bci zwi\u0105zanych z przetwarzaniem dotycz\u0105cych Pani\/Pana danych, prosz\u0119 kontaktowa\u0107 z Administratorem Danych pod adresem e-mail biuro@komplast.pl.<\/p>\r\n\r\n<p>3) Pani\/Pana dane osobowe przetwarzane b\u0119d\u0105 w celu: wsp\u00f3\u0142pracy handlowej; realizacji zawartych um\u00f3w; na podstawie art. 6 ust 1 lit. a, b, c, f RODO.<\/p>\r\n<hr>\r\n<p>4) Odbiorcami Pani\/Pana danych osobowych mog\u0105 by\u0107 jedynie dostawcy us\u0142ug zaopatruj\u0105cy nasz\u0105 firm\u0119 w rozwi\u0105zania techniczne oraz organizacyjne umo\u017cliwiaj\u0105ce bie\u017c\u0105ce zarz\u0105dzanie firm\u0105 (us\u0142ugi ksi\u0119gowe, firmy kurierskie i pocztowe w ramach us\u0142ug spedycji) i tylko w celu realizacji zam\u00f3wie\u0144 i obowiazk\u00f3w prawno-podatkowych firmy.<\/p>\r\n<hr>\r\n<p>5) Pani\/Pana dane osobowe nie b\u0119d\u0105 przekazywane do pa\u0144stw trzecich.<\/p>\r\n<hr>\r\n<p>6) Pani\/Pana dane osobowe b\u0119d\u0105 przechowywane do czasu cofni\u0119cia przez Pani\u0105\/Pana zgody, o kt\u00f3rej mowa w art. 6 ust 1 lit. a RODO lub do chwili przedawnienia wzajemnych roszcze\u0144.<\/p>\r\n<hr>\r\n<p>7) Przys\u0142uguje Pani\/Panu prawo dost\u0119pu do tre\u015bci swoich danych oraz prawo ich sprostowania, usuni\u0119cia, ograniczenia przetwarzania, prawo do przenoszenia danych, prawo wniesienia sprzeciwu, prawo do cofni\u0119cia zgody w dowolnym momencie bez wp\u0142ywu na zgodno\u015b\u0107 z prawem przetwarzania, kt\u00f3rego dokonano na podstawie zgody przed jej cofni\u0119ciem.<\/p>\r\n<hr>\r\n<p>8) Je\u015bli uzna Pani\/Pan, i\u017c przetwarzanie danych osobowych Pani\/Pana dotycz\u0105cych narusza przepisy RODO, przys\u0142uguje Pani\/Panu prawo wniesienia skargi do organu nadzorczego.<\/p>\r\n<hr>\r\n<p>9) Podanie Pani\/Pana danych osobowych jest dobrowolne, jednak niezb\u0119dne w zakresie prawid\u0142owej realizacji um\u00f3w. Niepodanie tych danych uniemo\u017cliwi sporz\u0105dzenie niezb\u0119dnej dokumentacji.<\/p>\r\n<hr>\r\n<p>10) Pani\/Pana dane nie b\u0119d\u0105 wykorzystywane do zautomatyzowanego podejmowania decyzji.<br><br>Z powa\u017caniem,<br><br>Jaros\u0142aw Ficner, KOMPLAST<\/p>","protected":false},"excerpt":{"rendered":"<p>Pragniemy Pa\u0144stwa zapewni\u0107, \u017ce dok\u0142adamy wszelkich stara\u0144, aby Pa\u0144stwa dane osobowe, kt\u00f3re znajduj\u0105 si\u0119 w naszej bazie danych, by\u0142y odpowiednio chronione &#8211; zgodnie z obowi\u0105zuj\u0105cym od dnia 25 maja 2018r. Rozporz\u0105dzeniem Parlamentu Europejskiego i Rady (UE) 2016\/679 z dnia 27 &hellip; <a href=\"https:\/\/komplast.pl\/index.php\/polityka-prywatnosci\/\">Continue reading <span class=\"meta-nav\">&rarr;<\/span><\/a><\/p>\n","protected":false},"author":1,"featured_media":0,"parent":0,"menu_order":0,"comment_status":"closed","ping_status":"closed","template":"","meta":{"inline_featured_image":false},"yoast_head":"<!-- This site is optimized with the Yoast SEO plugin v20.1 - https:\/\/yoast.com\/wordpress\/plugins\/seo\/ -->\n<title>Polityka prywatno\u015bci | Przetw\u00f3rstwo Tworzyw Sztucznych KOMPLAST<\/title>\n<meta name=\"robots\" content=\"index, follow, max-snippet:-1, max-image-preview:large, max-video-preview:-1\" \/>\n<link rel=\"canonical\" href=\"https:\/\/komplast.pl\/index.php\/polityka-prywatnosci\/\" \/>\n<meta property=\"og:locale\" content=\"pl_PL\" \/>\n<meta property=\"og:type\" content=\"article\" \/>\n<meta property=\"og:title\" content=\"Polityka prywatno\u015bci | Przetw\u00f3rstwo Tworzyw Sztucznych KOMPLAST\" \/>\n<meta property=\"og:description\" content=\"Pragniemy Pa\u0144stwa zapewni\u0107, \u017ce dok\u0142adamy wszelkich stara\u0144, aby Pa\u0144stwa dane osobowe, kt\u00f3re znajduj\u0105 si\u0119 w naszej bazie danych, by\u0142y odpowiednio chronione &#8211; zgodnie z obowi\u0105zuj\u0105cym od dnia 25 maja 2018r. Rozporz\u0105dzeniem Parlamentu Europejskiego i Rady (UE) 2016\/679 z dnia 27 &hellip; Continue reading &rarr;\" \/>\n<meta property=\"og:url\" content=\"https:\/\/komplast.pl\/index.php\/polityka-prywatnosci\/\" \/>\n<meta property=\"og:site_name\" content=\"Przetw\u00f3rstwo Tworzyw Sztucznych KOMPLAST\" \/>\n<meta property=\"article:modified_time\" content=\"2019-12-13T13:36:53+00:00\" \/>\n<meta name=\"twitter:card\" content=\"summary_large_image\" \/>\n<meta name=\"twitter:label1\" content=\"Szacowany czas czytania\" \/>\n\t<meta name=\"twitter:data1\" content=\"2 minuty\" \/>\n<script type=\"application\/ld+json\" class=\"yoast-schema-graph\">{\"@context\":\"https:\/\/schema.org\",\"@graph\":[{\"@type\":\"WebPage\",\"@id\":\"https:\/\/komplast.pl\/index.php\/polityka-prywatnosci\/\",\"url\":\"https:\/\/komplast.pl\/index.php\/polityka-prywatnosci\/\",\"name\":\"Polityka prywatno\u015bci | Przetw\u00f3rstwo Tworzyw Sztucznych KOMPLAST\",\"isPartOf\":{\"@id\":\"https:\/\/komplast.pl\/#website\"},\"datePublished\":\"2019-02-02T08:40:27+00:00\",\"dateModified\":\"2019-12-13T13:36:53+00:00\",\"breadcrumb\":{\"@id\":\"https:\/\/komplast.pl\/index.php\/polityka-prywatnosci\/#breadcrumb\"},\"inLanguage\":\"pl-PL\",\"potentialAction\":[{\"@type\":\"ReadAction\",\"target\":[\"https:\/\/komplast.pl\/index.php\/polityka-prywatnosci\/\"]}]},{\"@type\":\"BreadcrumbList\",\"@id\":\"https:\/\/komplast.pl\/index.php\/polityka-prywatnosci\/#breadcrumb\",\"itemListElement\":[{\"@type\":\"ListItem\",\"position\":1,\"name\":\"Strona g\u0142\u00f3wna\",\"item\":\"https:\/\/komplast.pl\/\"},{\"@type\":\"ListItem\",\"position\":2,\"name\":\"Polityka prywatno\u015bci\"}]},{\"@type\":\"WebSite\",\"@id\":\"https:\/\/komplast.pl\/#website\",\"url\":\"https:\/\/komplast.pl\/\",\"name\":\"Przetw\u00f3rstwo Tworzyw Sztucznych KOMPLAST\",\"description\":\"Zapinki do pomidor\u00f3w oraz inne detale z tworzyw sztucznych\",\"publisher\":{\"@id\":\"https:\/\/komplast.pl\/#organization\"},\"potentialAction\":[{\"@type\":\"SearchAction\",\"target\":{\"@type\":\"EntryPoint\",\"urlTemplate\":\"https:\/\/komplast.pl\/?s={search_term_string}\"},\"query-input\":\"required name=search_term_string\"}],\"inLanguage\":\"pl-PL\"},{\"@type\":\"Organization\",\"@id\":\"https:\/\/komplast.pl\/#organization\",\"name\":\"Przetw\u00f3rstwo Tworzyw Sztucznych KOMPLAST\",\"url\":\"https:\/\/komplast.pl\/\",\"logo\":{\"@type\":\"ImageObject\",\"inLanguage\":\"pl-PL\",\"@id\":\"https:\/\/komplast.pl\/#\/schema\/logo\/image\/\",\"url\":\"https:\/\/komplast.pl\/wp-content\/uploads\/2019\/03\/Klogo.svg\",\"contentUrl\":\"https:\/\/komplast.pl\/wp-content\/uploads\/2019\/03\/Klogo.svg\",\"width\":1,\"height\":1,\"caption\":\"Przetw\u00f3rstwo Tworzyw Sztucznych KOMPLAST\"},\"image\":{\"@id\":\"https:\/\/komplast.pl\/#\/schema\/logo\/image\/\"}}]}<\/script>\n<!-- \/ Yoast SEO plugin. -->","yoast_head_json":{"title":"Polityka prywatno\u015bci | Przetw\u00f3rstwo Tworzyw Sztucznych KOMPLAST","robots":{"index":"index","follow":"follow","max-snippet":"max-snippet:-1","max-image-preview":"max-image-preview:large","max-video-preview":"max-video-preview:-1"},"canonical":"https:\/\/komplast.pl\/index.php\/polityka-prywatnosci\/","og_locale":"pl_PL","og_type":"article","og_title":"Polityka prywatno\u015bci | Przetw\u00f3rstwo Tworzyw Sztucznych KOMPLAST","og_description":"Pragniemy Pa\u0144stwa zapewni\u0107, \u017ce dok\u0142adamy wszelkich stara\u0144, aby Pa\u0144stwa dane osobowe, kt\u00f3re znajduj\u0105 si\u0119 w naszej bazie danych, by\u0142y odpowiednio chronione &#8211; zgodnie z obowi\u0105zuj\u0105cym od dnia 25 maja 2018r. Rozporz\u0105dzeniem Parlamentu Europejskiego i Rady (UE) 2016\/679 z dnia 27 &hellip; Continue reading &rarr;","og_url":"https:\/\/komplast.pl\/index.php\/polityka-prywatnosci\/","og_site_name":"Przetw\u00f3rstwo Tworzyw Sztucznych KOMPLAST","article_modified_time":"2019-12-13T13:36:53+00:00","twitter_card":"summary_large_image","twitter_misc":{"Szacowany czas czytania":"2 minuty"},"schema":{"@context":"https:\/\/schema.org","@graph":[{"@type":"WebPage","@id":"https:\/\/komplast.pl\/index.php\/polityka-prywatnosci\/","url":"https:\/\/komplast.pl\/index.php\/polityka-prywatnosci\/","name":"Polityka prywatno\u015bci | Przetw\u00f3rstwo Tworzyw Sztucznych KOMPLAST","isPartOf":{"@id":"https:\/\/komplast.pl\/#website"},"datePublished":"2019-02-02T08:40:27+00:00","dateModified":"2019-12-13T13:36:53+00:00","breadcrumb":{"@id":"https:\/\/komplast.pl\/index.php\/polityka-prywatnosci\/#breadcrumb"},"inLanguage":"pl-PL","potentialAction":[{"@type":"ReadAction","target":["https:\/\/komplast.pl\/index.php\/polityka-prywatnosci\/"]}]},{"@type":"BreadcrumbList","@id":"https:\/\/komplast.pl\/index.php\/polityka-prywatnosci\/#breadcrumb","itemListElement":[{"@type":"ListItem","position":1,"name":"Strona g\u0142\u00f3wna","item":"https:\/\/komplast.pl\/"},{"@type":"ListItem","position":2,"name":"Polityka prywatno\u015bci"}]},{"@type":"WebSite","@id":"https:\/\/komplast.pl\/#website","url":"https:\/\/komplast.pl\/","name":"Przetw\u00f3rstwo Tworzyw Sztucznych KOMPLAST","description":"Zapinki do pomidor\u00f3w oraz inne detale z tworzyw sztucznych","publisher":{"@id":"https:\/\/komplast.pl\/#organization"},"potentialAction":[{"@type":"SearchAction","target":{"@type":"EntryPoint","urlTemplate":"https:\/\/komplast.pl\/?s={search_term_string}"},"query-input":"required name=search_term_string"}],"inLanguage":"pl-PL"},{"@type":"Organization","@id":"https:\/\/komplast.pl\/#organization","name":"Przetw\u00f3rstwo Tworzyw Sztucznych KOMPLAST","url":"https:\/\/komplast.pl\/","logo":{"@type":"ImageObject","inLanguage":"pl-PL","@id":"https:\/\/komplast.pl\/#\/schema\/logo\/image\/","url":"https:\/\/komplast.pl\/wp-content\/uploads\/2019\/03\/Klogo.svg","contentUrl":"https:\/\/komplast.pl\/wp-content\/uploads\/2019\/03\/Klogo.svg","width":1,"height":1,"caption":"Przetw\u00f3rstwo Tworzyw Sztucznych KOMPLAST"},"image":{"@id":"https:\/\/komplast.pl\/#\/schema\/logo\/image\/"}}]}},"_links":{"self":[{"href":"https:\/\/komplast.pl\/index.php\/wp-json\/wp\/v2\/pages\/7"}],"collection":[{"href":"https:\/\/komplast.pl\/index.php\/wp-json\/wp\/v2\/pages"}],"about":[{"href":"https:\/\/komplast.pl\/index.php\/wp-json\/wp\/v2\/types\/page"}],"author":[{"embeddable":true,"href":"https:\/\/komplast.pl\/index.php\/wp-json\/wp\/v2\/users\/1"}],"replies":[{"embeddable":true,"href":"https:\/\/komplast.pl\/index.php\/wp-json\/wp\/v2\/comments?post=7"}],"version-history":[{"count":5,"href":"https:\/\/komplast.pl\/index.php\/wp-json\/wp\/v2\/pages\/7\/revisions"}],"predecessor-version":[{"id":881,"href":"https:\/\/komplast.pl\/index.php\/wp-json\/wp\/v2\/pages\/7\/revisions\/881"}],"wp:attachment":[{"href":"https:\/\/komplast.pl\/index.php\/wp-json\/wp\/v2\/media?parent=7"}],"curies":[{"name":"wp","href":"https:\/\/api.w.org\/{rel}","templated":true}]}}